est common factor of 1170 and b?
90
Let l be 6/4*4/2. Let o(j) = 2*j**2 - 3*j + 3. Let f be o(2). Let w be f/15 + (-32)/(-12). What is the highest common divisor of l and w?
3
Let w = 11183 - 8596. Calculate the greatest common factor of w and 39.
13
Let b be ((-682)/(-124))/((-22)/(-8)). What is the highest common factor of b and 197?
1
Let i(n) = -29 + 122*n**2 - 46*n**2 - n**3 + 9*n - 46*n**2 - 41*n**2. Let c be i(-12). Suppose 18 = -w + c*w. What is the highest common factor of 12 and w?
3
Suppose 5*d = 5*p - 11445, -160*p + 11446 = -155*p - 4*d. Calculate the greatest common divisor of 6 and p.
2
Let h be 8/(-16)*1*38. Let d = h + 124. Calculate the highest common divisor of 30 and d.
15
Suppose 44 = 2*n + 5*d, -4*d + 2 - 11 = -n. Let v be (-1)/((-6)/2550*-2545 - 12/2). Calculate the highest common factor of n and v.
17
Let z(h) = 80*h - 176. Let s be z(3). Calculate the greatest common divisor of s and 2144.
32
Suppose 0*t = -5*c + t + 6727, 5*t + 5369 = 4*c. Let y = -2510 + c. Let m be 8/(-6) + 2 + y/(-9). Calculate the highest common factor of 52 and m.
26
Let h = 1844 + 5254. What is the greatest common divisor of h and 42?
42
Suppose c + 3*c - 116 = 0. Suppose -m = 2*j + 13 - 8, 0 = -2*m + j + 5. What is the greatest common divisor of m and c?
1
Let q = -72 - -122. Let i be (-420)/35*(6 - 76/6). Calculate the greatest common factor of i and q.
10
Let x be (-13)/156 - (-1)/12. Suppose -56 = -12*t + 7*t + 4*o, 4*t + o - 49 = x. What is the greatest common factor of 174 and t?
6
Suppose -5*l + 180 = -l. Let t be (-285)/19*((-15)/6)/(1/2). What is the highest common divisor of l and t?
15
Suppose 5*d + 452 = -4*t, 6*d + 3*t - 255 = 9*d. Let j = d - -153. Calculate the greatest common divisor of j and 585.
65
Let o be 2*-1*-13*395/10. Calculate the highest common factor of 52 and o.
13
Let x be (144/60*-9)/((-7)/(210/9)). Calculate the greatest common factor of x and 16.
8
Let k = 2976 + -2952. What is the greatest common divisor of 9936 and k?
24
Suppose -4*m - 85 = 5*f, 3*f + 26 + 77 = -5*m. Let x be (-1 - -4) + (-9)/(-11 - m). Calculate the greatest common factor of 28 and x.
2
Suppose -157 + 529 = 18*j - 168. Let z(o) = -7*o - 2. Let i be z(-2). Calculate the highest common factor of j and i.
6
Let y(t) = 3*t**3 - 13*t**2 + 30*t - 18. Suppose 0*v + 4*v - 4*n = 20, -v = -5*n - 1. Let l be y(v). What is the greatest common divisor of 18 and l?
18
Let z be ((-43)/14 - (-6)/12)*(-35 + 0). What is the highest common factor of 10890 and z?
90
Suppose 72*f - 200*f + 88*f + 560560 = 0. What is the greatest common factor of f and 39?
13
Suppose -7*y + 90321 = 10*y. What is the greatest common divisor of 21 and y?
21
Let k(a) = 2*a**3 - 66*a**2 - 5*a - 437. Let r be k(34). What is the highest common divisor of 310 and r?
155
Suppose -107*a = -108*a + 2*f + 17, -a + 35 = -5*f. Calculate the highest common factor of a and 3245.
5
Let g be 6 + -3*(-2072)/(-21). Let k = g + 336. Calculate the highest common divisor of k and 2.
2
Suppose j - 15 = -2*j + 5*g, -j + 4*g + 12 = 0. Suppose j = y + 5*y + 240. Let h be (-432)/y - 3/(-15). What is the greatest common divisor of h and 2?
1
Suppose -4*c + 221 = -115. Let g(h) = -8*h**2 + 2 - 1 + 2*h + 9*h**2 + 4*h. Let a be g(3). Calculate the highest common divisor of a and c.
28
Let g = -1390 - -1503. Calculate the highest common factor of g and 7232.
113
Let r(v) = 4*v + 4. Let q(d) = -3*d - 3. Let l(o) = -7*q(o) - 5*r(o). Let f be l(10). Let b = 218 - 97. What is the greatest common divisor of f and b?
11
Suppose 11*s + 12 = 7*s. Let x be s/((-6)/(-172))*14/(-4). Suppose -690 + 195 = -5*w + 5*z, -x = -3*w + 4*z. What is the highest common divisor of 19 and w?
19
Suppose 5*a = -40, -1489*a + 1491*a + 2264 = 2*q. What is the highest common factor of q and 3653?
281
Let t(k) = k + 30. Suppose -11*b - 131 = 45. Let a be t(b). Calculate the greatest common factor of a and 42.
14
Suppose -28*r = -7*r - 231. Suppose 2*a - r = 29. Calculate the greatest common factor of 4 and a.
4
Let w = -31 - -67. Let j(p) = -p**3 + 53*p**2 - 302*p + 1390. Let d be j(47). Calculate the highest common divisor of d and w.
18
Let r(b) = 72*b - 8. Let k be r(3). Suppose 0*y = 29*y - 754. Calculate the greatest common divisor of k and y.
26
Let i be ((-120)/180)/(1534/(-768) - -2). Let g = i + 544. Calculate the greatest common factor of g and 18.
18
Let v = -18743 + 27268. What is the greatest common factor of v and 1375?
275
Let b be 30/50 - -34*(-1)/(-10). Suppose 8 + 54 = 4*v - d, b*v = -5*d + 50. What is the highest common divisor of v and 40?
5
Suppose 11 - 13 = -k, b - k - 9430 = 0. Calculate the highest common factor of b and 216.
72
Let t(m) = -242*m - 23226. Let d be t(-96). Suppose -3*q = -2*q - 402. Calculate the greatest common divisor of q and d.
6
Let u(h) = h**2 + 83*h - 970. Let q be u(-94). Let p = 609 + -97. What is the greatest common divisor of p and q?
64
Suppose 65*b + 15*b - 150 - 6570 = 0. Calculate the greatest common divisor of b and 672.
84
Let o(i) = -6*i - 6. Let q be o(-4). Let f be 7056/(-630)*1125/(-20). Calculate the greatest common divisor of f and q.
18
Suppose 0 = -k - 5*a + 39, -k = -2*a + 3*a - 23. Suppose -o = 3*q - 169, -3*o + 102 = -5*q + 393. What is the highest common factor of k and q?
19
Let d = 38 + -14. Let y = 640 - 654. Let g(t) = t**2 + 17*t + 78. Let p be g(y). Calculate the highest common divisor of d and p.
12
Let f = -390 + 993. Let c = f - 510. What is the greatest common factor of c and 6?
3
Let i be -3 - (2 - 2) - 5*-372. Suppose i - 10877 = 5*p. Let b be (2/(-4))/(p/360 + 5). Calculate the greatest common factor of b and 9.
9
Suppose -20187*b = -20222*b + 105. Calculate the greatest common divisor of b and 1013.
1
Suppose -4*h + 0*a = 2*a - 2, -3 = h - 3*a. Suppose d - 4 = -0*d, -4*v + 4*d + 660 = h. What is the highest common factor of 39 and v?
13
Let v = -1149 + 180. Let d be v/(-76) - ((-2)/8 - -1). What is the greatest common factor of d and 132?
12
Suppose -23*n - 5*g = -24*n + 56, -3*n - 4*g = -130. Suppose 0 = -2*a + 4*z + 1216, z + 1176 = 2*a + 5*z. What is the highest common factor of n and a?
46
Let i be (3 - -1) + 11 + -6. Suppose -14*k + 11*k = -36. Calculate the highest common factor of k and i.
3
Suppose -2500 = -2*n - 4*b, -4*b - 3978 = -3*n - 158. What is the greatest common factor of n and 3634?
158
Let m = 4 + 182. Let k = m - 167. Calculate the greatest common divisor of 76 and k.
19
Suppose 3*d = -4*p + 104, 2*d + 1579 = -p + 1605. Suppose -4*i = -0*n - n - 70, 2*n - 13 = -i. Let s = i + 48. What is the highest common divisor of s and p?
13
Let n(b) = b - 3. Let s be n(-6). Let m be (10 - s)*(9/(-3))/(-3). What is the greatest common factor of 171 and m?
19
Suppose -4*f - w + 34 = 0, 4*f - 4*w = 13 + 11. Suppose f*y - 280 = -2*y. Let n be (-1798)/(-8) - (-21)/(-28). Calculate the greatest common divisor of y and n.
28
Let d be (-63)/(-9) - (4 - 3). Suppose -4*h - d*x = -3*x - 96, 4*h - 2*x - 96 = 0. What is the highest common factor of 300 and h?
12
Suppose -4*k - 234 = -17*k. Suppose 5*i - 3*i = k. Let f be 286/i - (-1 + (-35)/(-45)). Calculate the highest common divisor of f and 80.
16
Suppose 99*v - 2976 = 93. Calculate the greatest common divisor of v and 20057.
31
Let a be (3 - 42)/((-1)/6*-2). Let x = a + 165. Calculate the highest common factor of 384 and x.
48
Let r = -52 - 8. Let v be (-3)/(-2) - r/24. Let i be v + -1 + -1 + 8. Calculate the greatest common factor of 80 and i.
10
Let g be (301 - -4) + -10 + (-9 - -11). Suppose 0 = c - 3*n - 18, -4*n = 4*c - 109 - 11. Calculate the greatest common divisor of c and g.
27
Suppose 0 = 5*p - 3*a - 52377, -6*p = -11*p - 5*a + 52425. What is the highest common divisor of 21 and p?
21
Suppose -11*o + 4234 = 2*l - 17143, -5*o - 53345 = -5*l. Calculate the highest common factor of 69 and l.
23
Let b(x) = 3*x**3 - 22*x**2 + 10*x + 21. Let n be b(8). What is the highest common divisor of n and 9847?
229
Let y be ((13 - 1) + -2)/(10/(-320)*-8). What is the greatest common factor of 335 and y?
5
Suppose 0 = -18*u + 3990 + 114. Let y = 271 - u. Calculate the highest common factor of 43 and y.
43
Let n(o) = 2*o**2 - 2*o. Let x be n(-5). Suppose 5*r + 57 = b, -138 = 3*b - 2*r - 192. Calculate the greatest c